he tens digit of n(-77)?
9
Suppose 54*d - 533520 = -26*d. What is the hundreds digit of d?
6
Let a(y) = -y**3 + 29*y**2 + 81*y + 50. What is the thousands digit of a(22)?
5
Let b be 3 - 0/1 - (228 - -3). Let c = b - -743. What is the hundreds digit of c?
5
Let s = 16985 - 1746. What is the thousands digit of s?
5
Suppose 4*r - 3*k = 1086, 3*r = 4*r + 4*k - 262. What is the units digit of (12/2)/(4 - r/69)?
9
Suppose -4*r - 1103079 = -2*r - 53*r. What is the thousands digit of r?
1
Let w(f) = 4*f**2 - 53*f + 11. Let a be w(13). Let c(r) = -29*r**3 - 5*r**2 - 7*r - 4. What is the tens digit of c(a)?
2
Let t(o) = 1208*o + 5512. What is the ten thousands digit of t(8)?
1
What is the units digit of (614 - -2) + -1*(-119)/17?
3
What is the units digit of 16678 - ((-3)/(-27) - (-52)/18)?
5
Let n = 11 + -6. Let l(z) = z**3 - 5*z**2 - z + 11. Let k be l(n). What is the hundreds digit of ((-4)/k - (-529)/6)*2?
1
Let h(a) = a**3 - 14*a**2 - 30*a - 27. Let u be h(16). What is the tens digit of (-4)/(u/(2570/(-4)))?
1
Let l(u) = u**2 + 38*u - 10. Let d(p) = -4*p**2 - 37*p + 8. Let a(t) = -2*d(t) - 3*l(t). Suppose 9 = k - 1. What is the tens digit of a(k)?
1
Let n(d) = 2*d**2 - 7*d - 20. Let k be n(-2). Suppose -k*a + 193 = -479. What is the units digit of a?
6
Suppose 10*l - 27592 - 18447 = -8539. What is the hundreds digit of l?
7
Suppose 817817 = 65*z + 149275 - 89878. What is the units digit of z?
8
Let b(c) = 8*c**2 - 104*c - 85. What is the units digit of b(34)?
7
Suppose -3*g = -2*n - 376, -4*g + 3*n + 494 = 4*n. Suppose 444 = -120*y + g*y. What is the units digit of y?
1
Let v(h) = 864*h**2 - 59*h + 88. What is the units digit of v(4)?
6
Let n(q) = 16*q - 20. Suppose 3 = -2*k + k. Let j be (-16)/k + 16/24. What is the tens digit of n(j)?
7
What is the hundreds digit of ((-110)/(-33))/10*20334?
7
Suppose 564*t - 18224699 = 18889885. What is the thousands digit of t?
5
Let x(w) = -517*w + 1483. What is the hundreds digit of x(-8)?
6
Let j be ((-30)/(-12) - 3)*(-10)/1. Suppose n = 1 + j. What is the tens digit of (-2)/n*(7 + -136)?
4
Suppose 19*x + 336238 = 117*x. What is the thousands digit of x?
3
Let f(b) = 7*b**3 - 8*b**2 - 10*b + 58. What is the units digit of f(5)?
3
Suppose -3*x = 4*t - 182198 + 59200, 2*t - 3*x - 61508 = 0. What is the thousands digit of t?
0
Let t = 15951 - 8082. What is the thousands digit of t?
7
Suppose 10*w = 8*w + 8. Let l(i) = 6 - 4 + 4 + 5*i + i + w*i**2. What is the units digit of l(-4)?
6
Suppose -90 = -7*f + 2*f. Suppose 0 = -3*u + 3*s + 27, 0 = u - 5*s + s - f. Let y(m) = 20*m + 25. What is the tens digit of y(u)?
4
Let i(v) = 383*v**2 + 3*v + 320. What is the ten thousands digit of i(13)?
6
Let h(g) = g**2 + 18*g + 88. Let i be h(-21). What is the tens digit of 6 - ((2 - i) + -3)?
5
Suppose 5*f - d - 77644 - 69011 = 0, 0 = -4*f + 3*d + 117324. What is the thousands digit of f?
9
Suppose 103 = 12*w + 7. Let g(m) = 33*m - 24. What is the units digit of g(w)?
0
Let l(r) = r**2 + 13*r - 30. Let i be l(2). Suppose 4*k - 2*k - 1732 = i. What is the units digit of k?
6
Let c = -199 - -204. Suppose -3*k = -12 - 0, c*k + 342 = 2*w. What is the hundreds digit of w?
1
Let h be (1684 - (-11 + 11))*6/8. Suppose 0 = -14*q + 7109 + h. What is the tens digit of q?
9
Let a = 15754 - 10919. What is the thousands digit of a?
4
Let t(p) = 3*p**2 - 21*p - 4. Let o be t(8). Suppose o = 24*c - 28*c. What is the tens digit of (-780)/c + -4 - 3/(-1)?
5
Let h(b) = b**3 + 69*b**2 - 116*b - 312. What is the ten thousands digit of h(-35)?
4
Let p(f) = -6*f + 154. Let h(v) = -2*v + 51. Let r = -58 + 53. Let b(g) = r*p(g) + 16*h(g). What is the units digit of b(-14)?
4
Let p(l) = -5*l**2 + 2*l + 49. Let m(g) = g**2 + g - 1. Let h(r) = 6*m(r) + p(r). What is the tens digit of h(-7)?
3
Suppose -i + 3992 + 9335 = 3*c, -5*i - 2*c + 66648 = 0. What is the units digit of i?
0
Let k be (-3 - -7)*-1 + 397. Let g = k + 906. What is the thousands digit of g?
1
Let c(d) = 5*d - 65. Let l(q) = q**3 - 11*q**2 + 13*q - 32. Let x be l(10). Let n(y) = 5*y**2 - y - 4. Let h be n(x). What is the units digit of c(h)?
5
Let f be (-4)/(-10) + 972/45. Suppose 4*y - q = 223, 2*q - 124 = -y - y. Suppose o = y + f. What is the tens digit of o?
7
Let m(l) = -8*l - 64. Let c be m(-8). Suppose c = -4*u - h + 495, 4*u = -u + h + 621. What is the hundreds digit of u?
1
Let d = 25331 + -10488. What is the tens digit of d?
4
Let l = 195 - 147. Suppose 3*y - 73 + 13 = -2*u, -3*y - l = -2*u. What is the tens digit of u?
2
Let d = -1576 + 16325. What is the hundreds digit of d?
7
Suppose 94 = 2*w + x, -3*w = -17*x + 14*x - 150. What is the tens digit of 1426/4*w/12?
2
Let u = -14236 - -20150. What is the units digit of u?
4
Let y be (5/10 - -1)*(-3 + 5). What is the units digit of ((-9474)/(-9) - 2/(-6)) + y?
6
Let s(m) = 37*m**2 + 20*m - 3. Suppose p - 5*p = 5*o + 7, 3*p + o = -8. What is the hundreds digit of s(p)?
2
Let j(h) = -h**2 - 17*h + 19. Let y be j(-12). Let l = -151 + y. Let m = -1 - l. What is the units digit of m?
1
Let f(m) be the third derivative of 31*m**4/24 + 5*m**3/2 + 17*m**2. Let a be f(12). Suppose 2*d - a + 45 = 0. What is the units digit of d?
1
Let q be 0 - (2/13 - (-63)/13). What is the tens digit of 8/(q - 184/(-36))?
7
Let n(m) = -3136*m - 22. Let l be n(-4). Suppose 0 = -26*a + 6432 + l. What is the units digit of a?
9
Let p = -3 - -7. Suppose -3*n + 25 = -5*c, 13*n + 2*c = 12*n - 10. Suppose n*s - 2*s + 61 = -5*m, -p*m - 38 = -s. What is the tens digit of s?
1
Let t = 2860 - 2372. What is the hundreds digit of t?
4
Let n(y) = -4*y**3 - 18*y**2 - 2*y - 217. What is the tens digit of n(-13)?
5
Let j be (-18)/(-45) - (-4)/(-10). Suppose -3*r + 226 + 218 = j. What is the hundreds digit of r?
1
Let g(u) = -u**3 + 8*u**2 - 3*u + 9. Suppose -2*t = -3*v - 47, -5*t + 60 = 4*v - 0*v. Let c = t + -11. What is the tens digit of g(c)?
6
Let q = 268 + 640. Let b = q - 160. What is the hundreds digit of b?
7
Let h(w) = -263*w**2 - 3*w + 1. Let k(b) = -131*b**2 - b. Let u(n) = 2*h(n) - 5*k(n). Suppose 0 = 125*m - 165*m + 40. What is the hundreds digit of u(m)?
1
Suppose 14*s + 59616 = -23*s + 704970. What is the thousands digit of s?
7
Let h(r) = -971*r - 661. What is the tens digit of h(-23)?
7
Let i(n) = -2*n + 9. Let h be (-28)/20*5/1. Let y be i(h). Let p = y - 1. What is the tens digit of p?
2
Let m(h) = 83*h**2 + 34*h + 101. Let f(t) = -165*t**2 - 69*t - 203. Let c(j) = 6*f(j) + 13*m(j). What is the hundreds digit of c(-3)?
8
Suppose -14*z + 13*z = 0. Suppose -4*k + 101 - 89 = z. Suppose 4*w - k*v - 278 - 135 = 0, 5*w = v + 519. What is the units digit of w?
4
Let y(a) = 169*a**2 - a - 20. What is the thousands digit of y(5)?
4
Suppose 4*k = -2*j + 1342, -13*k = -j - 16*k + 666. Suppose 8*c - 879 = j. What is the hundreds digit of c?
1
Let c = 920 + -606. Suppose 0 = c*j - 320*j + 4410. What is the units digit of j?
5
Let g(u) = -55*u**3 + 172*u + 1133. What is the tens digit of g(-7)?
9
Suppose a + z - 12286 = 0, -3*a - 3*a + 73766 = -4*z. What is the ten thousands digit of a?
1
Let a(x) = -10*x - 4. Let k be a(2). Let o = 27 + k. Suppose -g = 4*d - 65, -2*d + 0*d = -o*g + 251. What is the tens digit of g?
8
Let q = 80 - 65. Suppose q*r - 21*r = -2742. What is the hundreds digit of r?
4
Suppose 4*o + 423 = -3*d, 5*d + 99 = -5*o - 606. Suppose -305*y + 313*y = 2168. Let a = d + y. What is the hundreds digit of a?
1
Suppose 4*b - 4*m + 14556 = 92356, 2*b - 5*m = 38912. What is the ten thousands digit of b?
1
Let j = -31 + 55. Let z = j + -17. What is the hundreds digit of (-9216)/(-84) - ((-6)/z)/3?
1
Let m be (65/(-26))/((-1)/(-2)). Let p(h) = 3*h**2 - 15*h - 2. Let c(l) = l**2 - 1. Let k(i) = -2*c(i) + p(i). What is the units digit of k(m)?
0
Let j(m) = -5764*m + 4663. What is the units digit of j(-3)?
5
Suppose -7304 = -41*y + 222542. Suppose -4*b + c = -y, 3*c - 752 = 5*b - 7763. What is the hundreds digit of b?
4
Let w(t) = 5*t + 50. Let k be w(-11). Let l = k - 32. What is the hundreds digit of (-35)/(-10)*(l/(-1) - -1)?
1
Let p be (-1)/(-1) - (-176)/(-2). Let n be (1 + 0)*-6*29/p. Suppose 130 = 5*k + n*m, 2*m - 6*m = 20. What is the units digit of k?
8
Suppose -6950 - 58916 = -10*k + 10574. What is the units digit of k?
4
Let z be (-1*(-1)/(-2))/((